s divided by 31?
28
Let a(x) = -x**3 - 23*x**2 + 47*x - 23. Calculate the remainder when 263 is divided by a(-25).
3
Let v = -42 - -46. Suppose 9*m + v*m = 13. What is the remainder when 1 is divided by m?
0
Suppose 32 = 3*s + 23. Suppose 44 = -s*o + 5*o. What is the remainder when 83 is divided by o?
17
Suppose -2*r + 21*x = 16*x - 15, 0 = -5*r - 2*x + 81. What is the remainder when 238 is divided by r?
13
Let l = -17 + 20. Suppose v = l*v. Suppose v - 2 = -n. Calculate the remainder when 7 is divided by n.
1
Let r(a) = 5*a**3 + 3*a**2 - 3*a + 4. Let b = -16 - -18. Let m be r(b). Suppose s - m = -4*s. What is the remainder when s is divided by 7?
3
Suppose p + 125 = 2*p + 3*y, 5*p - y = 593. Let h = -191 - -231. What is the remainder when p is divided by h?
39
Let t(d) = -2*d**3 - 2*d**2 - 3*d - 1. Let h be t(-1). Suppose h*j - 51 = j. Calculate the remainder when j is divided by 18.
15
Let p(k) = -k**3 + 7*k**2 + 2*k - 5. Let s be p(7). Let x(c) = c**3 - 9*c**2 + 2. Let g be x(s). Calculate the remainder when 5 is divided by -2*(-1 + (2 - g)).
1
Let w(s) = s**2 - s. Let f be w(-1). What is the remainder when 38 is divided by 12 - 6 - (-8)/f?
8
Suppose -302 = -47*x + 74. What is the remainder when 25 is divided by x?
1
Suppose -3*n - 4*r + 1 + 16 = 0, -5*r = -10. Suppose -5*z + n*c + 34 = -3*z, 4*c = 3*z - 50. Calculate the remainder when z is divided by 8.
6
Let s = -24 - -25. Suppose 1 = 2*j - s. What is the remainder when (-805)/(-14) - j/(-2) is divided by 15?
13
Suppose -3*y = 5*k - 81, -3*y + 0*k = 4*k - 78. What is the remainder when (1 - 62)/(-23 + y) is divided by 16?
13
Let x(g) = -5*g**2 + 10*g - 29. Let y(l) = -l**2. Let z(w) = -x(w) + 4*y(w). Calculate the remainder when z(5) is divided by 3.
1
Let b(o) = -7*o + 3. What is the remainder when b(-6) is divided by ((-23)/115)/(5/(-425))?
11
Let r be 130 - (-1)/2*0. Suppose -r = -u - 4*u. Suppose 2*f - f = u. Calculate the remainder when 101 is divided by f.
23
Let m(s) = s**2 + 13*s + 8. Suppose 0 = -h - 0*h. What is the remainder when m(-15) is divided by (11 - h) + (1 - -1)?
12
Suppose 0 = -78*w + 73*w + 145. Let k be (-1)/((-6)/(-9))*-2. Suppose -k*x = -2*z - 305, 2*x - 2*z = w + 171. What is the remainder when x is divided by 36?
33
Calculate the remainder when 93 is divided by 8/(-76) - (844/(-76) + -3).
9
What is the remainder when 131 is divided by -1*(-4)/(-22)*-319?
15
Let b(l) = 2*l - 46. Let n be b(23). Suppose -12 = -h - c + 4, -2*c + 6 = n. Calculate the remainder when 155 is divided by h.
12
Let g(f) = -f - 23. Suppose w + 0 - 14 = 0. What is the remainder when w is divided by g(-32)?
5
Let c(h) = 5*h + 23. Let k be c(-5). Let u(q) be the second derivative of 7*q**4/12 + q**3/3 + 3*q**2/2 - q. What is the remainder when u(k) is divided by 6?
3
Suppose -4*a - 4 = -5*a. Suppose a*b = m + 5, m + 2*b = 7*b - 9. Calculate the remainder when m is divided by 6.
5
Let t = 87 - -30. Let u = t - 80. Calculate the remainder when 145 is divided by u.
34
Suppose 256*w + 1750 = 263*w. Calculate the remainder when w is divided by 21.
19
Suppose -17*k + 60 = -13*k. Let w = k - -8. What is the remainder when w is divided by 9?
5
Suppose -1025 = -3*m - 5*c, -4*m + 2*c + 1359 = c. Suppose -r - 5*u = -85, -4*r = -u + 5*u - m. Calculate the remainder when r is divided by 18.
13
Suppose -2*j + 2*y - 2 + 26 = 0, 5*j - 100 = -5*y. Calculate the remainder when 188 is divided by j.
12
Suppose 0 = -57*i + 66*i - 2358. Calculate the remainder when i is divided by 68.
58
Suppose -2*m = 2*t - 18, -4*m = t - m - 17. Suppose -t*n - 23 = -83. Calculate the remainder when 16 is divided by n.
4
Let k = -2064 - -2071. What is the remainder when 188 is divided by k?
6
Let n(u) = -5*u**3 + 3*u**2 + 9*u + 10. What is the remainder when 131 is divided by n(-2)?
43
Suppose -1 = -s - 3. Calculate the remainder when ((-3)/(-1))/((s/(-24))/1) is divided by 14.
8
What is the remainder when 100 is divided by (-19 - -2)/(0 + (-7)/14)?
32
Calculate the remainder when 104 is divided by (-8 - -7) + 6 + 0.
4
Calculate the remainder when ((-24)/(-14))/((-10)/(-455)) + 1 is divided by 28.
23
Suppose 63*g - 84*g = -18459. What is the remainder when g is divided by 63?
60
Let h = -227 + 99. Let l = h - -165. What is the remainder when l is divided by 19?
18
Let u(d) = 2*d**2 + 3*d + 1. Calculate the remainder when 73 is divided by u(-4).
10
Let p = -174 + 376. Let f = p + -127. What is the remainder when f is divided by 21?
12
Let a = 429 - 411. Calculate the remainder when 53 is divided by a.
17
Let h = 3 + 0. Suppose -h*l - 2*g = 2*g - 80, -95 = -4*l - 3*g. Calculate the remainder when (-5)/(l/24 - 1) is divided by 16.
14
Let v be ((-4)/(-6))/(3*6/(-783)). Let r(p) = p + 40. Calculate the remainder when 18 is divided by r(v).
7
Suppose -5*g = 2*r - 0*r - 615, 0 = -4*r - 3*g + 1237. Calculate the remainder when r is divided by 52.
50
Let r = -257 - -291. What is the remainder when 475 is divided by r?
33
Let n(c) = -c**3 + 5*c**2 - 2*c - 7. What is the remainder when 16 is divided by n(4)?
0
Let i be 2/(-7) + 7 + 362/(-7). Let x = 66 + i. Calculate the remainder when x is divided by 11.
10
Suppose -1047 = -3*z + 2*y + 38, -y = z - 365. What is the remainder when z is divided by 26?
25
Suppose -40*z - 128 = -42*z. Let y = z - 46. Suppose -55 + 5 = -5*g. Calculate the remainder when y is divided by g.
8
Let y = 56 - 46. What is the remainder when 26 is divided by 3*(-1)/y*-2*25?
11
Let a = 96 - 65. Suppose -2*p + 29 = 4*s - 21, 2*s = -3*p + a. Suppose -4*k - 4*y + 88 = 8, 0 = -2*y - 2. What is the remainder when k is divided by s?
10
Suppose p + p = 112. Let v be (3/(-2))/(9/(-12)). Suppose 17 = v*d - 13. Calculate the remainder when p is divided by d.
11
Let k(o) = -o**3 - 8*o**2 - 8*o - 5. Let d be k(-7). Suppose -q = d*q. Suppose q = -4*f - 41 + 185. Calculate the remainder when f is divided by 19.
17
Let g(p) = -p + 271. What is the remainder when g(9) is divided by 53?
50
What is the remainder when 93 is divided by (-76)/(-646) - (-899)/17?
40
Let q(s) = s**3 - 3*s**2 - s + 7. Let z be q(5). Suppose a - z = -a. Calculate the remainder when a is divided by 7.
5
Let g = -29 - -32. Suppose -m = -2*c + 14, -21 = -g*c - 0*m + 4*m. Calculate the remainder when 61 is divided by c.
5
Suppose 188 = 30*c - 292. Suppose d - 1033 = -5*u, -u - 2*d = -6*d - 194. Calculate the remainder when u is divided by c.
14
Let g(f) = 8*f**2 - 85*f + 17. Calculate the remainder when g(12) is divided by 57/(2 - 2/4).
35
Let j = -53 - -97. Calculate the remainder when 74 is divided by j.
30
Suppose k - l - 187 = 0, 0*l = -4*k - 5*l + 766. Suppose 33 = j - h - 13, -h + k = 4*j. What is the remainder when j is divided by 25?
22
Let i be (-407)/(-3) + (8/6 - 1). Suppose 9*m - 8 = i. Calculate the remainder when 44 is divided by m.
12
Let g(x) = 4*x - 50. Let r be g(13). Suppose c - w = r*c - 15, 5 = -w. Calculate the remainder when 54 is divided by c.
14
Let g(h) = 71*h - 262. What is the remainder when g(7) is divided by 4?
3
Calculate the remainder when 76 is divided by 10/4 + 255/102.
1
Let a = 15 + -13. Suppose a*o - 88 = -4*k, -3*k + 4*o = -7 - 81. Suppose -3 = 4*u - 39. What is the remainder when k is divided by u?
6
Let t(i) = -2 - i**2 - 3*i + 3 + 2. Let p be t(-4). What is the remainder when p/4 + 78/24 is divided by 1?
0
Suppose 5*k - 4 - 86 = -5*g, 5*k = -3*g + 52. Suppose -12*r = -7*r - 65. Calculate the remainder when g is divided by r.
6
Let j(w) = -4*w**2 + 6*w + 245. What is the remainder when j(0) is divided by 82?
81
Let q be -1 - -3 - 2*(-6)/4. Calculate the remainder when ((-38)/10*-5)/(1/q) is divided by 24.
23
Let y(x) be the second derivative of x**4/12 + 5*x**3/6 + 2*x**2 - 6*x. Let d be y(-3). Calculate the remainder when 15 is divided by ((-9)/(-6))/(d/(-12)).
6
Let g(t) = -t**3 - 25*t**2 - 25*t - 6. Suppose 172 = -8*h - 20. Calculate the remainder when 32 is divided by g(h).
14
Let p(t) = t**2 + 27*t - 320. Let a(v) be the first derivative of v**2/2 - v - 1. What is the remainder when p(9) is divided by a(4)?
1
Let b = 4 + -1. Let p(j) = -j**2 + 12. Let n be p(0). Suppose 4*x + 3 = v, -4*v - 3*x - 2*x = -n. Calculate the remainder when v is divided by b.
0
Suppose 56 = a + 22*k - 17*k, -3*a - k = -196. Suppose 3*b - 8